Last updated on 2020-12-04 00:48:32 CET.
Flavor | Version | Tinstall | Tcheck | Ttotal | Status | Flags |
---|---|---|---|---|---|---|
r-devel-linux-x86_64-debian-clang | 0.2.0 | 6.01 | 104.16 | 110.17 | OK | |
r-devel-linux-x86_64-debian-gcc | 0.2.0 | 5.38 | 85.90 | 91.28 | OK | |
r-devel-linux-x86_64-fedora-clang | 0.2.0 | 101.15 | OK | |||
r-devel-linux-x86_64-fedora-gcc | 0.2.0 | 77.20 | OK | |||
r-devel-windows-ix86+x86_64 | 0.2.0 | 14.00 | 87.00 | 101.00 | OK | |
r-patched-linux-x86_64 | 0.2.0 | 5.93 | 101.50 | 107.43 | OK | |
r-release-linux-x86_64 | 0.2.0 | 5.87 | 99.37 | 105.24 | OK | |
r-release-macos-x86_64 | 0.2.0 | OK | ||||
r-release-windows-ix86+x86_64 | 0.2.0 | 12.00 | 112.00 | 124.00 | OK | |
r-oldrel-macos-x86_64 | 0.2.0 | OK | ||||
r-oldrel-windows-ix86+x86_64 | 0.2.0 | 6.00 | 7.00 | 13.00 | ERROR |
Version: 0.2.0
Check: whether package can be installed
Result: ERROR
Installation failed.
Flavor: r-oldrel-windows-ix86+x86_64