CRAN Package Check Results for Package risksetROC

Last updated on 2020-12-04 00:48:32 CET.

Flavor Version Tinstall Tcheck Ttotal Status Flags
r-devel-linux-x86_64-debian-clang 1.0.4 9.35 68.86 78.21 NOTE
r-devel-linux-x86_64-debian-gcc 1.0.4 6.25 54.30 60.55 NOTE
r-devel-linux-x86_64-fedora-clang 1.0.4 91.64 NOTE
r-devel-linux-x86_64-fedora-gcc 1.0.4 84.71 NOTE
r-devel-windows-ix86+x86_64 1.0.4 15.00 62.00 77.00 NOTE
r-patched-linux-x86_64 1.0.4 8.34 61.55 69.89 NOTE
r-patched-solaris-x86 1.0.4 126.30 NOTE
r-release-linux-x86_64 1.0.4 7.86 60.87 68.73 NOTE
r-release-macos-x86_64 1.0.4 NOTE
r-release-windows-ix86+x86_64 1.0.4 13.00 86.00 99.00 NOTE
r-oldrel-macos-x86_64 1.0.4 NOTE
r-oldrel-windows-ix86+x86_64 1.0.4 12.00 80.00 92.00 NOTE

Check Details

Version: 1.0.4
Check: R code for possible problems
Result: NOTE
    KM.plot: no visible global function definition for 'lines'
    SchoenSmooth: no visible global function definition for 'lm'
    llCoxReg: no visible binding for global variable 'time'
    risksetAUC: no visible global function definition for 'abline'
    risksetROC: no visible global function definition for 'abline'
    weightedKM: no visible binding for global variable 'time'
    Undefined global functions or variables:
     abline lines lm time
    Consider adding
     importFrom("graphics", "abline", "lines")
     importFrom("stats", "lm", "time")
    to your NAMESPACE file.
Flavors: r-devel-linux-x86_64-debian-clang, r-devel-linux-x86_64-debian-gcc, r-devel-linux-x86_64-fedora-clang, r-devel-linux-x86_64-fedora-gcc, r-devel-windows-ix86+x86_64, r-patched-linux-x86_64, r-patched-solaris-x86, r-release-linux-x86_64, r-release-macos-x86_64, r-release-windows-ix86+x86_64

Version: 1.0.4
Check: R code for possible problems
Result: NOTE
    KM.plot: no visible global function definition for ‘plot’
    KM.plot: no visible global function definition for ‘lines’
    SchoenSmooth: no visible global function definition for ‘lm’
    llCoxReg: no visible binding for global variable ‘time’
    risksetAUC: no visible global function definition for ‘abline’
    risksetROC: no visible global function definition for ‘abline’
    weightedKM: no visible binding for global variable ‘time’
    Undefined global functions or variables:
     abline lines lm plot time
    Consider adding
     importFrom("graphics", "abline", "lines", "plot")
     importFrom("stats", "lm", "time")
    to your NAMESPACE file.
Flavors: r-oldrel-macos-x86_64, r-oldrel-windows-ix86+x86_64