CRAN Package Check Results for Package rhierbaps

Last updated on 2020-12-04 00:48:32 CET.

Flavor Version Tinstall Tcheck Ttotal Status Flags
r-devel-linux-x86_64-debian-clang 1.1.3 6.43 328.78 335.21 OK
r-devel-linux-x86_64-debian-gcc 1.1.3 4.92 252.70 257.62 OK
r-devel-linux-x86_64-fedora-clang 1.1.3 409.92 OK
r-devel-linux-x86_64-fedora-gcc 1.1.3 415.67 OK
r-devel-windows-ix86+x86_64 1.1.3 12.00 431.00 443.00 OK
r-patched-linux-x86_64 1.1.3 6.27 332.36 338.63 OK
r-patched-solaris-x86 1.1.3 1053.40 OK
r-release-linux-x86_64 1.1.3 6.35 339.74 346.09 OK
r-release-macos-x86_64 1.1.3 WARN
r-release-windows-ix86+x86_64 1.1.3 10.00 461.00 471.00 OK
r-oldrel-macos-x86_64 1.1.3 OK
r-oldrel-windows-ix86+x86_64 1.1.3 21.00 525.00 546.00 OK

Check Details

Version: 1.1.3
Check: package dependencies
Result: NOTE
    Package suggested but not available for checking: ‘ggtree’
Flavor: r-release-macos-x86_64

Version: 1.1.3
Check: re-building of vignette outputs
Result: WARN
    Error(s) in re-building vignettes:
     ...
    --- re-building ‘introduction.Rmd’ using rmarkdown
    Warning in engine$weave(file, quiet = quiet, encoding = enc) :
     Pandoc (>= 1.12.3) and/or pandoc-citeproc not available. Falling back to R Markdown v1.
    Quitting from lines 40-46 (introduction.Rmd)
    Error: processing vignette 'introduction.Rmd' failed with diagnostics:
    there is no package called 'ggtree'
    --- failed re-building ‘introduction.Rmd’
    
    SUMMARY: processing the following file failed:
     ‘introduction.Rmd’
    
    Error: Vignette re-building failed.
    Execution halted
Flavor: r-release-macos-x86_64