CRAN Package Check Results for Package rfviz

Last updated on 2020-12-04 00:48:32 CET.

Flavor Version Tinstall Tcheck Ttotal Status Flags
r-devel-linux-x86_64-debian-clang 1.0.0 3.16 33.13 36.29 OK
r-devel-linux-x86_64-debian-gcc 1.0.0 2.53 31.36 33.89 OK
r-devel-linux-x86_64-fedora-clang 1.0.0 51.24 NOTE
r-devel-linux-x86_64-fedora-gcc 1.0.0 41.36 NOTE
r-devel-windows-ix86+x86_64 1.0.0 7.00 39.00 46.00 OK
r-patched-linux-x86_64 1.0.0 3.15 34.14 37.29 OK
r-patched-solaris-x86 1.0.0 62.90 NOTE
r-release-linux-x86_64 1.0.0 3.21 34.75 37.96 OK
r-release-macos-x86_64 1.0.0 NOTE
r-release-windows-ix86+x86_64 1.0.0 7.00 51.00 58.00 OK
r-oldrel-macos-x86_64 1.0.0 NOTE
r-oldrel-windows-ix86+x86_64 1.0.0 5.00 49.00 54.00 OK

Check Details

Version: 1.0.0
Check: dependencies in R code
Result: NOTE
    Namespace in Imports field not imported from: ‘base’
     All declared Imports should be used.
Flavors: r-devel-linux-x86_64-fedora-clang, r-devel-linux-x86_64-fedora-gcc, r-patched-solaris-x86, r-release-macos-x86_64, r-oldrel-macos-x86_64