Last updated on 2020-12-04 00:48:32 CET.
Flavor | Version | Tinstall | Tcheck | Ttotal | Status | Flags |
---|---|---|---|---|---|---|
r-devel-linux-x86_64-debian-clang | 1.2.0 | 2.47 | 33.77 | 36.24 | OK | |
r-devel-linux-x86_64-debian-gcc | 1.2.0 | 1.86 | 30.22 | 32.08 | OK | |
r-devel-linux-x86_64-fedora-clang | 1.2.0 | 50.17 | OK | |||
r-devel-linux-x86_64-fedora-gcc | 1.2.0 | 42.17 | OK | |||
r-devel-windows-ix86+x86_64 | 1.2.0 | 6.00 | 40.00 | 46.00 | OK | |
r-patched-linux-x86_64 | 1.2.0 | 2.86 | 33.62 | 36.48 | OK | |
r-patched-solaris-x86 | 1.2.0 | 59.90 | OK | |||
r-release-linux-x86_64 | 1.2.0 | 2.61 | 36.26 | 38.87 | OK | |
r-release-macos-x86_64 | 1.2.0 | WARN | ||||
r-release-windows-ix86+x86_64 | 1.2.0 | 6.00 | 38.00 | 44.00 | OK | |
r-oldrel-macos-x86_64 | 1.2.0 | OK | ||||
r-oldrel-windows-ix86+x86_64 | 1.2.0 | 4.00 | 50.00 | 54.00 | OK |
Version: 1.2.0
Check: re-building of vignette outputs
Result: WARN
Error(s) in re-building vignettes:
...
--- re-building ‘log_parsing.Rmd’ using rmarkdown
Warning in engine$weave(file, quiet = quiet, encoding = enc) :
Pandoc (>= 1.12.3) and/or pandoc-citeproc not available. Falling back to R Markdown v1.
Error: processing vignette 'log_parsing.Rmd' failed with diagnostics:
there is no package called 'stringi'
--- failed re-building ‘log_parsing.Rmd’
--- re-building ‘url_parsing.Rmd’ using rmarkdown
Warning in engine$weave(file, quiet = quiet, encoding = enc) :
Pandoc (>= 1.12.3) and/or pandoc-citeproc not available. Falling back to R Markdown v1.
Error: processing vignette 'url_parsing.Rmd' failed with diagnostics:
there is no package called 'stringi'
--- failed re-building ‘url_parsing.Rmd’
SUMMARY: processing the following files failed:
‘log_parsing.Rmd’ ‘url_parsing.Rmd’
Error: Vignette re-building failed.
Execution halted
Flavor: r-release-macos-x86_64