CRAN Package Check Results for Package rewie

Last updated on 2020-12-04 00:48:32 CET.

Flavor Version Tinstall Tcheck Ttotal Status Flags
r-devel-linux-x86_64-debian-clang 0.1.0 2.70 30.50 33.20 OK
r-devel-linux-x86_64-debian-gcc 0.1.0 2.23 25.55 27.78 OK
r-devel-linux-x86_64-fedora-clang 0.1.0 43.86 NOTE
r-devel-linux-x86_64-fedora-gcc 0.1.0 34.60 NOTE
r-devel-windows-ix86+x86_64 0.1.0 5.00 38.00 43.00 OK
r-patched-linux-x86_64 0.1.0 2.84 31.35 34.19 OK
r-patched-solaris-x86 0.1.0 53.00 NOTE
r-release-linux-x86_64 0.1.0 2.04 30.50 32.54 OK
r-release-macos-x86_64 0.1.0 NOTE
r-release-windows-ix86+x86_64 0.1.0 4.00 35.00 39.00 OK
r-oldrel-macos-x86_64 0.1.0 NOTE
r-oldrel-windows-ix86+x86_64 0.1.0 3.00 43.00 46.00 OK

Check Details

Version: 0.1.0
Check: dependencies in R code
Result: NOTE
    Namespace in Imports field not imported from: ‘MASS’
     All declared Imports should be used.
Flavors: r-devel-linux-x86_64-fedora-clang, r-devel-linux-x86_64-fedora-gcc, r-patched-solaris-x86, r-release-macos-x86_64, r-oldrel-macos-x86_64

Version: 0.1.0
Check: Rd cross-references
Result: NOTE
    Undeclared package ‘btergm’ in Rd xrefs
Flavor: r-devel-linux-x86_64-fedora-clang