CRAN Package Check Results for Package revgeo

Last updated on 2020-12-04 00:48:32 CET.

Flavor Version Tinstall Tcheck Ttotal Status Flags
r-devel-linux-x86_64-debian-clang 0.15 3.33 31.22 34.55 OK
r-devel-linux-x86_64-debian-gcc 0.15 2.64 22.81 25.45 OK
r-devel-linux-x86_64-fedora-clang 0.15 44.50 OK
r-devel-linux-x86_64-fedora-gcc 0.15 35.08 OK
r-devel-windows-ix86+x86_64 0.15 7.00 36.00 43.00 OK
r-patched-linux-x86_64 0.15 3.09 28.38 31.47 OK
r-patched-solaris-x86 0.15 57.00 ERROR
r-release-linux-x86_64 0.15 2.88 31.14 34.02 OK
r-release-macos-x86_64 0.15 OK
r-release-windows-ix86+x86_64 0.15 4.00 62.00 66.00 OK
r-oldrel-macos-x86_64 0.15 OK
r-oldrel-windows-ix86+x86_64 0.15 5.00 35.00 40.00 OK

Check Details

Version: 0.15
Check: examples
Result: ERROR
    Running examples in ‘revgeo-Ex.R’ failed
    The error most likely occurred in:
    
    > ### Name: revgeo
    > ### Title: Reverse Geocoding with the Photon Geocoder for OpenStreetMap,
    > ### Google Maps, and Bing.
    > ### Aliases: revgeo
    > ### Keywords: geocode reverse
    >
    > ### ** Examples
    >
    > revgeo(longitude=-77.0229529, latitude=38.89283435)
    [1] "Getting geocode data from Photon: http://photon.komoot.de/reverse?lon=-77.0229529&lat=38.89283435"
    
    Execution halted
Flavor: r-patched-solaris-x86