Last updated on 2020-12-04 00:48:32 CET.
Flavor | Version | Tinstall | Tcheck | Ttotal | Status | Flags |
---|---|---|---|---|---|---|
r-devel-linux-x86_64-debian-clang | 0.6.3 | 31.41 | 131.69 | 163.10 | OK | |
r-devel-linux-x86_64-debian-gcc | 0.6.3 | 24.63 | 97.82 | 122.45 | OK | |
r-devel-linux-x86_64-fedora-clang | 0.6.3 | 195.41 | NOTE | |||
r-devel-linux-x86_64-fedora-gcc | 0.6.3 | 196.33 | NOTE | |||
r-devel-windows-ix86+x86_64 | 0.6.3 | 54.00 | 198.00 | 252.00 | OK | |
r-patched-linux-x86_64 | 0.6.3 | 29.13 | 129.47 | 158.60 | OK | |
r-patched-solaris-x86 | 0.6.3 | 269.30 | NOTE | |||
r-release-linux-x86_64 | 0.6.3 | 27.39 | 129.47 | 156.86 | OK | |
r-release-macos-x86_64 | 0.6.3 | NOTE | ||||
r-release-windows-ix86+x86_64 | 0.6.3 | 39.00 | 197.00 | 236.00 | OK | |
r-oldrel-macos-x86_64 | 0.6.3 | NOTE | ||||
r-oldrel-windows-ix86+x86_64 | 0.6.3 | 40.00 | 236.00 | 276.00 | OK |
Version: 0.6.3
Check: dependencies in R code
Result: NOTE
Namespace in Imports field not imported from: ‘RTriangle’
All declared Imports should be used.
Flavors: r-devel-linux-x86_64-fedora-clang, r-devel-linux-x86_64-fedora-gcc, r-patched-solaris-x86, r-release-macos-x86_64, r-oldrel-macos-x86_64
Version: 0.6.3
Check: package dependencies
Result: NOTE
Package suggested but not available for checking: ‘gWidgets2RGtk2’
Flavor: r-oldrel-macos-x86_64