Last updated on 2020-12-04 00:48:31 CET.
Flavor | Version | Tinstall | Tcheck | Ttotal | Status | Flags |
---|---|---|---|---|---|---|
r-devel-linux-x86_64-debian-clang | 1.1.0 | 21.24 | 36.07 | 57.31 | OK | |
r-devel-linux-x86_64-debian-gcc | 1.1.0 | 19.62 | 30.06 | 49.68 | OK | |
r-devel-linux-x86_64-fedora-clang | 1.1.0 | 88.38 | OK | |||
r-devel-linux-x86_64-fedora-gcc | 1.1.0 | 75.86 | OK | |||
r-devel-windows-ix86+x86_64 | 1.1.0 | 35.00 | 54.00 | 89.00 | OK | |
r-patched-linux-x86_64 | 1.1.0 | 21.84 | 35.84 | 57.68 | OK | |
r-patched-solaris-x86 | 1.1.0 | 339.80 | NOTE | |||
r-release-linux-x86_64 | 1.1.0 | 20.16 | 38.56 | 58.72 | OK | |
r-release-macos-x86_64 | 1.1.0 | OK | ||||
r-release-windows-ix86+x86_64 | 1.1.0 | 29.00 | 51.00 | 80.00 | OK | |
r-oldrel-macos-x86_64 | 1.1.0 | OK | ||||
r-oldrel-windows-ix86+x86_64 | 1.1.0 | 24.00 | 62.00 | 86.00 | OK |
Version: 1.1.0
Check: package dependencies
Result: NOTE
Packages suggested but not available for checking: 'ssh', 'RPostgres'
Flavor: r-patched-solaris-x86