CRAN Package Check Results for Package repurrrsive

Last updated on 2020-12-04 00:48:31 CET.

Flavor Version Tinstall Tcheck Ttotal Status Flags
r-devel-linux-x86_64-debian-clang 1.0.0 4.28 42.75 47.03 OK
r-devel-linux-x86_64-debian-gcc 1.0.0 3.86 31.76 35.62 OK
r-devel-linux-x86_64-fedora-clang 1.0.0 58.66 NOTE
r-devel-linux-x86_64-fedora-gcc 1.0.0 50.79 NOTE
r-devel-windows-ix86+x86_64 1.0.0 8.00 46.00 54.00 OK
r-patched-linux-x86_64 1.0.0 4.18 42.87 47.05 OK
r-patched-solaris-x86 1.0.0 73.70 NOTE
r-release-linux-x86_64 1.0.0 3.61 42.32 45.93 OK
r-release-macos-x86_64 1.0.0 NOTE
r-release-windows-ix86+x86_64 1.0.0 7.00 44.00 51.00 OK
r-oldrel-macos-x86_64 1.0.0 NOTE
r-oldrel-windows-ix86+x86_64 1.0.0 6.00 58.00 64.00 OK

Check Details

Version: 1.0.0
Check: data for non-ASCII characters
Result: NOTE
     Note: found 25 marked UTF-8 strings
Flavors: r-devel-linux-x86_64-fedora-clang, r-devel-linux-x86_64-fedora-gcc, r-patched-solaris-x86, r-release-macos-x86_64, r-oldrel-macos-x86_64