Last updated on 2020-12-04 00:48:31 CET.
Flavor | Version | Tinstall | Tcheck | Ttotal | Status | Flags |
---|---|---|---|---|---|---|
r-devel-linux-x86_64-debian-clang | 0.5 | 4.27 | 39.27 | 43.54 | NOTE | |
r-devel-linux-x86_64-debian-gcc | 0.5 | 4.08 | 32.57 | 36.65 | NOTE | |
r-devel-linux-x86_64-fedora-clang | 0.5 | 55.14 | NOTE | |||
r-devel-linux-x86_64-fedora-gcc | 0.5 | 55.19 | NOTE | |||
r-devel-windows-ix86+x86_64 | 0.5 | 9.00 | 41.00 | 50.00 | OK | |
r-patched-linux-x86_64 | 0.5 | 4.62 | 38.10 | 42.72 | NOTE | |
r-patched-solaris-x86 | 0.5 | 65.70 | NOTE | |||
r-release-linux-x86_64 | 0.5 | 4.48 | 37.17 | 41.65 | NOTE | |
r-release-macos-x86_64 | 0.5 | OK | ||||
r-release-windows-ix86+x86_64 | 0.5 | 8.00 | 57.00 | 65.00 | OK | |
r-oldrel-macos-x86_64 | 0.5 | OK | ||||
r-oldrel-windows-ix86+x86_64 | 0.5 | 7.00 | 54.00 | 61.00 | OK |
Version: 0.5
Check: for non-standard things in the check directory
Result: NOTE
Found the following files/directories:
'PackageCites.bib'
Flavors: r-devel-linux-x86_64-debian-clang, r-devel-linux-x86_64-debian-gcc, r-devel-linux-x86_64-fedora-clang, r-devel-linux-x86_64-fedora-gcc, r-patched-linux-x86_64, r-patched-solaris-x86, r-release-linux-x86_64