CRAN Package Check Results for Package remMap

Last updated on 2020-12-04 00:48:31 CET.

Flavor Version Tinstall Tcheck Ttotal Status Flags
r-devel-linux-x86_64-debian-clang 0.2-0 3.27 24.70 27.97 NOTE
r-devel-linux-x86_64-debian-gcc 0.2-0 2.73 21.79 24.52 NOTE
r-devel-linux-x86_64-fedora-clang 0.2-0 37.61 NOTE
r-devel-linux-x86_64-fedora-gcc 0.2-0 27.69 NOTE
r-devel-windows-ix86+x86_64 0.2-0 8.00 33.00 41.00 NOTE
r-patched-linux-x86_64 0.2-0 3.29 23.75 27.04 NOTE
r-patched-solaris-x86 0.2-0 44.80 NOTE
r-release-linux-x86_64 0.2-0 3.26 23.33 26.59 NOTE
r-release-macos-x86_64 0.2-0 NOTE
r-release-windows-ix86+x86_64 0.2-0 7.00 31.00 38.00 NOTE
r-oldrel-macos-x86_64 0.2-0 NOTE
r-oldrel-windows-ix86+x86_64 0.2-0 7.00 51.00 58.00 NOTE

Additional issues

valgrind

Check Details

Version: 0.2-0
Check: DESCRIPTION meta-information
Result: NOTE
    Malformed Description field: should contain one or more complete sentences.
Flavors: r-devel-linux-x86_64-debian-clang, r-devel-linux-x86_64-debian-gcc, r-devel-linux-x86_64-fedora-clang, r-devel-linux-x86_64-fedora-gcc, r-devel-windows-ix86+x86_64, r-patched-linux-x86_64, r-patched-solaris-x86, r-release-linux-x86_64, r-release-macos-x86_64, r-release-windows-ix86+x86_64, r-oldrel-macos-x86_64, r-oldrel-windows-ix86+x86_64

Version: 0.2-0
Check: compiled code
Result: NOTE
    File ‘remMap/libs/remMap.so’:
     Found no calls to: ‘R_registerRoutines’, ‘R_useDynamicSymbols’
    
    It is good practice to register native routines and to disable symbol
    search.
    
    See ‘Writing portable packages’ in the ‘Writing R Extensions’ manual.
Flavors: r-devel-linux-x86_64-fedora-clang, r-devel-linux-x86_64-fedora-gcc