Last updated on 2020-12-04 00:48:31 CET.
Flavor | Version | Tinstall | Tcheck | Ttotal | Status | Flags |
---|---|---|---|---|---|---|
r-devel-linux-x86_64-debian-clang | 0.1-2 | 2.20 | 23.89 | 26.09 | NOTE | |
r-devel-linux-x86_64-debian-gcc | 0.1-2 | 1.78 | 20.19 | 21.97 | NOTE | |
r-devel-linux-x86_64-fedora-clang | 0.1-2 | 37.03 | NOTE | |||
r-devel-linux-x86_64-fedora-gcc | 0.1-2 | 27.88 | NOTE | |||
r-devel-windows-ix86+x86_64 | 0.1-2 | 4.00 | 28.00 | 32.00 | NOTE | |
r-patched-linux-x86_64 | 0.1-2 | 2.01 | 25.91 | 27.92 | NOTE | |
r-patched-solaris-x86 | 0.1-2 | 44.60 | NOTE | |||
r-release-linux-x86_64 | 0.1-2 | 2.16 | 25.87 | 28.03 | NOTE | |
r-release-macos-x86_64 | 0.1-2 | NOTE | ||||
r-release-windows-ix86+x86_64 | 0.1-2 | 5.00 | 29.00 | 34.00 | NOTE | |
r-oldrel-macos-x86_64 | 0.1-2 | NOTE | ||||
r-oldrel-windows-ix86+x86_64 | 0.1-2 | 4.00 | 45.00 | 49.00 | NOTE |
Version: 0.1-2
Check: dependencies in R code
Result: NOTE
'library' or 'require' call to 'lars' which was already attached by Depends.
Please remove these calls from your code.
Package in Depends field not imported from: 'lars'
These packages need to be imported from (in the NAMESPACE file)
for when this namespace is loaded but not attached.
Flavors: r-devel-linux-x86_64-debian-clang, r-devel-linux-x86_64-debian-gcc, r-devel-linux-x86_64-fedora-clang, r-devel-linux-x86_64-fedora-gcc, r-devel-windows-ix86+x86_64, r-patched-linux-x86_64, r-patched-solaris-x86, r-release-linux-x86_64, r-release-macos-x86_64, r-release-windows-ix86+x86_64, r-oldrel-macos-x86_64, r-oldrel-windows-ix86+x86_64
Version: 0.1-2
Check: R code for possible problems
Result: NOTE
relaxo: no visible global function definition for 'lars'
Undefined global functions or variables:
lars
Flavors: r-devel-linux-x86_64-debian-clang, r-devel-linux-x86_64-debian-gcc, r-devel-linux-x86_64-fedora-clang, r-devel-linux-x86_64-fedora-gcc, r-devel-windows-ix86+x86_64, r-patched-linux-x86_64, r-patched-solaris-x86, r-release-linux-x86_64, r-release-macos-x86_64, r-release-windows-ix86+x86_64, r-oldrel-macos-x86_64, r-oldrel-windows-ix86+x86_64
Version: 0.1-2
Check: Rd line widths
Result: NOTE
Rd file 'cvrelaxo.Rd':
\usage lines wider than 90 characters:
cvrelaxo(X, Y, K = 5, phi = seq(0, 1, length = 10), max.steps = min( 2* length(Y), 2 * ncol(X)), fast = TRUE, keep.data = TRUE, warn=TR ... [TRUNCATED]
Rd file 'plot.relaxo.Rd':
\usage lines wider than 90 characters:
plot(x, type = "l", lty = 1, main = NULL, xlab = "|beta|/max|beta| (phi=1)", ylab = expression("coefficients " * beta[j]), plotphi = u ... [TRUNCATED]
Rd file 'relaxo.Rd':
\usage lines wider than 90 characters:
relaxo(X, Y, phi = seq(0, 1, length = 4), max.steps = min(2*length(Y), 2 * ncol(X)), fast = TRUE, keep.data = TRUE, warn=TRUE)
These lines will be truncated in the PDF manual.
Flavors: r-devel-linux-x86_64-debian-clang, r-devel-linux-x86_64-debian-gcc, r-devel-linux-x86_64-fedora-clang, r-devel-linux-x86_64-fedora-gcc, r-patched-linux-x86_64, r-release-linux-x86_64