Last updated on 2020-12-04 00:48:31 CET.
Flavor | Version | Tinstall | Tcheck | Ttotal | Status | Flags |
---|---|---|---|---|---|---|
r-devel-linux-x86_64-debian-clang | 0.6-9 | 10.33 | 83.28 | 93.61 | OK | |
r-devel-linux-x86_64-debian-gcc | 0.6-9 | 8.29 | 61.88 | 70.17 | OK | |
r-devel-linux-x86_64-fedora-clang | 0.6-9 | 118.07 | NOTE | |||
r-devel-linux-x86_64-fedora-gcc | 0.6-9 | 109.91 | NOTE | |||
r-devel-windows-ix86+x86_64 | 0.6-9 | 17.00 | 79.00 | 96.00 | NOTE | |
r-patched-linux-x86_64 | 0.6-9 | 10.28 | 81.18 | 91.46 | OK | |
r-patched-solaris-x86 | 0.6-9 | 145.00 | NOTE | |||
r-release-linux-x86_64 | 0.6-9 | 9.94 | 79.73 | 89.67 | OK | |
r-release-macos-x86_64 | 0.6-9 | NOTE | ||||
r-release-windows-ix86+x86_64 | 0.6-9 | 13.00 | 108.00 | 121.00 | NOTE | |
r-oldrel-macos-x86_64 | 0.6-9 | NOTE | ||||
r-oldrel-windows-ix86+x86_64 | 0.6-9 | 14.00 | 101.00 | 115.00 | NOTE |
Version: 0.6-9
Check: package dependencies
Result: NOTE
Package which this enhances but not available for checking: ‘Rcplex’
Flavors: r-devel-linux-x86_64-fedora-clang, r-devel-linux-x86_64-fedora-gcc, r-devel-windows-ix86+x86_64, r-release-windows-ix86+x86_64, r-oldrel-windows-ix86+x86_64
Version: 0.6-9
Check: Rd cross-references
Result: NOTE
Undeclared package ‘graph’ in Rd xrefs
Flavor: r-devel-linux-x86_64-fedora-clang
Version: 0.6-9
Check: package dependencies
Result: NOTE
Package suggested but not available for checking: ‘Rsymphony’
Package which this enhances but not available for checking: ‘Rcplex’
Flavors: r-patched-solaris-x86, r-release-macos-x86_64, r-oldrel-macos-x86_64