CRAN Package Check Results for Package relMix

Last updated on 2020-12-04 00:48:31 CET.

Flavor Version Tinstall Tcheck Ttotal Status Flags
r-devel-linux-x86_64-debian-clang 1.3.2 4.34 37.17 41.51 OK
r-devel-linux-x86_64-debian-gcc 1.3.2 3.69 32.29 35.98 OK
r-devel-linux-x86_64-fedora-clang 1.3.2 54.07 NOTE
r-devel-linux-x86_64-fedora-gcc 1.3.2 45.89 NOTE
r-devel-windows-ix86+x86_64 1.3.2 7.00 40.00 47.00 OK
r-patched-linux-x86_64 1.3.2 4.02 35.98 40.00 OK
r-patched-solaris-x86 1.3.2 66.20 NOTE
r-release-linux-x86_64 1.3.2 4.45 35.51 39.96 OK
r-release-macos-x86_64 1.3.2 NOTE
r-release-windows-ix86+x86_64 1.3.2 6.00 42.00 48.00 OK
r-oldrel-macos-x86_64 1.3.2 NOTE
r-oldrel-windows-ix86+x86_64 1.3.2 5.00 49.00 54.00 OK

Check Details

Version: 1.3.2
Check: dependencies in R code
Result: NOTE
    Namespace in Imports field not imported from: ‘gWidgets2tcltk’
     All declared Imports should be used.
Flavors: r-devel-linux-x86_64-fedora-clang, r-devel-linux-x86_64-fedora-gcc, r-patched-solaris-x86, r-release-macos-x86_64

Version: 1.3.2
Check: dependencies in R code
Result: NOTE
    No protocol specified
    No protocol specified
    No protocol specified
    No protocol specified
    Namespace in Imports field not imported from: ‘gWidgets2tcltk’
     All declared Imports should be used.
Flavor: r-oldrel-macos-x86_64