Last updated on 2020-12-04 00:48:31 CET.
Flavor | Version | Tinstall | Tcheck | Ttotal | Status | Flags |
---|---|---|---|---|---|---|
r-devel-linux-x86_64-debian-clang | 0.1.0 | 10.00 | 71.86 | 81.86 | OK | |
r-devel-linux-x86_64-debian-gcc | 0.1.0 | 7.59 | 55.70 | 63.29 | OK | |
r-devel-linux-x86_64-fedora-clang | 0.1.0 | 103.44 | NOTE | |||
r-devel-linux-x86_64-fedora-gcc | 0.1.0 | 92.50 | NOTE | |||
r-devel-windows-ix86+x86_64 | 0.1.0 | 23.00 | 68.00 | 91.00 | OK | |
r-patched-linux-x86_64 | 0.1.0 | 8.72 | 65.90 | 74.62 | OK | |
r-patched-solaris-x86 | 0.1.0 | 121.60 | NOTE | |||
r-release-linux-x86_64 | 0.1.0 | 9.36 | 66.46 | 75.82 | OK | |
r-release-macos-x86_64 | 0.1.0 | NOTE | ||||
r-release-windows-ix86+x86_64 | 0.1.0 | 16.00 | 68.00 | 84.00 | OK | |
r-oldrel-macos-x86_64 | 0.1.0 | NOTE | ||||
r-oldrel-windows-ix86+x86_64 | 0.1.0 | 13.00 | 83.00 | 96.00 | OK |
Version: 0.1.0
Check: dependencies in R code
Result: NOTE
Namespaces in Imports field not imported from:
‘pkgload’ ‘processx’
All declared Imports should be used.
Flavors: r-devel-linux-x86_64-fedora-clang, r-devel-linux-x86_64-fedora-gcc, r-patched-solaris-x86, r-release-macos-x86_64, r-oldrel-macos-x86_64