CRAN Package Check Results for Package regRSM

Last updated on 2020-12-04 00:48:31 CET.

Flavor Version Tinstall Tcheck Ttotal Status Flags
r-devel-linux-x86_64-debian-clang 0.5 3.97 58.53 62.50 OK
r-devel-linux-x86_64-debian-gcc 0.5 3.48 47.27 50.75 OK
r-devel-linux-x86_64-fedora-clang 0.5 74.20 OK
r-devel-linux-x86_64-fedora-gcc 0.5 66.24 OK
r-devel-windows-ix86+x86_64 0.5 6.00 54.00 60.00 OK
r-patched-linux-x86_64 0.5 3.39 55.52 58.91 OK
r-patched-solaris-x86 0.5 92.10 OK
r-release-linux-x86_64 0.5 4.37 56.76 61.13 OK
r-release-macos-x86_64 0.5 ERROR
r-release-windows-ix86+x86_64 0.5 4.00 75.00 79.00 OK
r-oldrel-macos-x86_64 0.5 ERROR
r-oldrel-windows-ix86+x86_64 0.5 4.00 68.00 72.00 OK

Check Details

Version: 0.5
Check: package dependencies
Result: ERROR
    Package required but not available: ‘Rmpi’
    
    See section ‘The DESCRIPTION file’ in the ‘Writing R Extensions’
    manual.
Flavors: r-release-macos-x86_64, r-oldrel-macos-x86_64