CRAN Package Check Results for Package reda

Last updated on 2020-12-04 00:48:31 CET.

Flavor Version Tinstall Tcheck Ttotal Status Flags
r-devel-linux-x86_64-debian-clang 0.5.2 57.48 87.20 144.68 OK
r-devel-linux-x86_64-debian-gcc 0.5.2 37.72 66.02 103.74 OK
r-devel-linux-x86_64-fedora-clang 0.5.2 184.99 NOTE
r-devel-linux-x86_64-fedora-gcc 0.5.2 174.10 OK
r-devel-windows-ix86+x86_64 0.5.2 130.00 123.00 253.00 NOTE
r-patched-linux-x86_64 0.5.2 47.65 82.64 130.29 OK
r-patched-solaris-x86 0.5.2 191.40 OK
r-release-linux-x86_64 0.5.2 43.86 81.03 124.89 OK
r-release-macos-x86_64 0.5.2 NOTE
r-release-windows-ix86+x86_64 0.5.2 104.00 125.00 229.00 NOTE
r-oldrel-macos-x86_64 0.5.2 NOTE
r-oldrel-windows-ix86+x86_64 0.5.2 115.00 159.00 274.00 NOTE

Check Details

Version: 0.5.2
Check: installed package size
Result: NOTE
     installed size is 6.3Mb
     sub-directories of 1Mb or more:
     doc 3.3Mb
     libs 2.4Mb
Flavors: r-devel-linux-x86_64-fedora-clang, r-devel-windows-ix86+x86_64, r-release-macos-x86_64, r-release-windows-ix86+x86_64, r-oldrel-macos-x86_64, r-oldrel-windows-ix86+x86_64