CRAN Package Check Results for Package readxl

Last updated on 2020-12-04 00:48:31 CET.

Flavor Version Tinstall Tcheck Ttotal Status Flags
r-devel-linux-x86_64-debian-clang 1.3.1 68.77 46.04 114.81 OK
r-devel-linux-x86_64-debian-gcc 1.3.1 47.09 37.98 85.07 OK
r-devel-linux-x86_64-fedora-clang 1.3.1 159.72 NOTE
r-devel-linux-x86_64-fedora-gcc 1.3.1 143.27 OK
r-devel-windows-ix86+x86_64 1.3.1 155.00 86.00 241.00 OK
r-patched-linux-x86_64 1.3.1 57.08 45.87 102.95 OK
r-patched-solaris-x86 1.3.1 140.60 OK
r-release-linux-x86_64 1.3.1 55.12 44.99 100.11 OK
r-release-macos-x86_64 1.3.1 OK
r-release-windows-ix86+x86_64 1.3.1 113.00 89.00 202.00 OK
r-oldrel-macos-x86_64 1.3.1 OK
r-oldrel-windows-ix86+x86_64 1.3.1 127.00 99.00 226.00 OK

Check Details

Version: 1.3.1
Check: installed package size
Result: NOTE
     installed size is 5.8Mb
     sub-directories of 1Mb or more:
     libs 4.4Mb
Flavor: r-devel-linux-x86_64-fedora-clang