Last updated on 2020-12-04 00:48:31 CET.
Flavor | Version | Tinstall | Tcheck | Ttotal | Status | Flags |
---|---|---|---|---|---|---|
r-devel-linux-x86_64-debian-clang | 1.8.5 | 2.66 | 25.94 | 28.60 | OK | |
r-devel-linux-x86_64-debian-gcc | 1.8.5 | 2.07 | 22.29 | 24.36 | OK | |
r-devel-linux-x86_64-fedora-clang | 1.8.5 | 38.79 | NOTE | |||
r-devel-linux-x86_64-fedora-gcc | 1.8.5 | 29.20 | OK | |||
r-devel-windows-ix86+x86_64 | 1.8.5 | 5.00 | 27.00 | 32.00 | OK | |
r-patched-linux-x86_64 | 1.8.5 | 2.77 | 25.77 | 28.54 | OK | |
r-patched-solaris-x86 | 1.8.5 | 44.00 | OK | |||
r-release-linux-x86_64 | 1.8.5 | 2.48 | 24.67 | 27.15 | OK | |
r-release-macos-x86_64 | 1.8.5 | OK | ||||
r-release-windows-ix86+x86_64 | 1.8.5 | 5.00 | 28.00 | 33.00 | OK | |
r-oldrel-macos-x86_64 | 1.8.5 | OK | ||||
r-oldrel-windows-ix86+x86_64 | 1.8.5 | 6.00 | 46.00 | 52.00 | OK |
Version: 1.8.5
Check: Rd cross-references
Result: NOTE
Undeclared packages ‘readMzXmlData’, ‘MALDIquantForeign’ in Rd xrefs
Flavor: r-devel-linux-x86_64-fedora-clang