CRAN Package Check Results for Package rcrimeanalysis

Last updated on 2020-12-04 00:48:31 CET.

Flavor Version Tinstall Tcheck Ttotal Status Flags
r-devel-linux-x86_64-debian-clang 0.4.2 16.33 154.62 170.95 OK
r-devel-linux-x86_64-debian-gcc 0.4.2 14.90 121.50 136.40 OK
r-devel-linux-x86_64-fedora-clang 0.4.2 212.27 NOTE
r-devel-linux-x86_64-fedora-gcc 0.4.2 207.85 NOTE
r-devel-windows-ix86+x86_64 0.4.2 37.00 146.00 183.00 OK
r-patched-linux-x86_64 0.4.2 16.02 147.36 163.38 OK
r-patched-solaris-x86 0.4.2 309.90 NOTE
r-release-linux-x86_64 0.4.2 15.86 146.58 162.44 OK
r-release-macos-x86_64 0.4.2 NOTE
r-release-windows-ix86+x86_64 0.4.2 31.00 191.00 222.00 OK
r-oldrel-macos-x86_64 0.4.2 NOTE
r-oldrel-windows-ix86+x86_64 0.4.2 37.00 179.00 216.00 OK

Check Details

Version: 0.4.2
Check: dependencies in R code
Result: NOTE
    Namespaces in Imports field not imported from:
     ‘Rcpp’ ‘dplyr’
     All declared Imports should be used.
Flavors: r-devel-linux-x86_64-fedora-clang, r-devel-linux-x86_64-fedora-gcc, r-patched-solaris-x86, r-release-macos-x86_64, r-oldrel-macos-x86_64