Last updated on 2020-12-04 00:48:31 CET.
Flavor | Version | Tinstall | Tcheck | Ttotal | Status | Flags |
---|---|---|---|---|---|---|
r-devel-linux-x86_64-debian-clang | 2.0.0 | 4.43 | 27.80 | 32.23 | OK | |
r-devel-linux-x86_64-debian-gcc | 2.0.0 | 3.89 | 22.23 | 26.12 | OK | |
r-devel-linux-x86_64-fedora-clang | 2.0.0 | 42.25 | NOTE | |||
r-devel-linux-x86_64-fedora-gcc | 2.0.0 | 32.15 | OK | |||
r-devel-windows-ix86+x86_64 | 2.0.0 | 13.00 | 33.00 | 46.00 | NOTE | |
r-patched-linux-x86_64 | 2.0.0 | 4.72 | 25.06 | 29.78 | OK | |
r-patched-solaris-x86 | 2.0.0 | 58.00 | NOTE | |||
r-release-linux-x86_64 | 2.0.0 | 4.26 | 24.19 | 28.45 | OK | |
r-release-macos-x86_64 | 2.0.0 | NOTE | ||||
r-release-windows-ix86+x86_64 | 2.0.0 | 8.00 | 40.00 | 48.00 | NOTE | |
r-oldrel-macos-x86_64 | 2.0.0 | NOTE | ||||
r-oldrel-windows-ix86+x86_64 | 2.0.0 | 7.00 | 39.00 | 46.00 | NOTE |
Version: 2.0.0
Check: installed package size
Result: NOTE
installed size is 7.8Mb
sub-directories of 1Mb or more:
corpora 7.6Mb
Flavors: r-devel-linux-x86_64-fedora-clang, r-devel-windows-ix86+x86_64, r-patched-solaris-x86, r-release-macos-x86_64, r-release-windows-ix86+x86_64, r-oldrel-macos-x86_64, r-oldrel-windows-ix86+x86_64