Last updated on 2020-12-04 00:48:31 CET.
Flavor | Version | Tinstall | Tcheck | Ttotal | Status | Flags |
---|---|---|---|---|---|---|
r-devel-linux-x86_64-debian-clang | 2.3 | 5.62 | 37.47 | 43.09 | OK | |
r-devel-linux-x86_64-debian-gcc | 2.3 | 4.57 | 31.04 | 35.61 | OK | |
r-devel-linux-x86_64-fedora-clang | 2.3 | 55.10 | NOTE | |||
r-devel-linux-x86_64-fedora-gcc | 2.3 | 45.11 | OK | |||
r-devel-windows-ix86+x86_64 | 2.3 | 11.00 | 41.00 | 52.00 | NOTE | |
r-patched-linux-x86_64 | 2.3 | 5.22 | 33.93 | 39.15 | OK | |
r-patched-solaris-x86 | 2.3 | 68.50 | NOTE | |||
r-release-linux-x86_64 | 2.3 | 5.75 | 35.97 | 41.72 | OK | |
r-release-macos-x86_64 | 2.3 | NOTE | ||||
r-release-windows-ix86+x86_64 | 2.3 | 9.00 | 41.00 | 50.00 | NOTE | |
r-oldrel-macos-x86_64 | 2.3 | NOTE | ||||
r-oldrel-windows-ix86+x86_64 | 2.3 | 11.00 | 46.00 | 57.00 | NOTE |
Version: 2.3
Check: installed package size
Result: NOTE
installed size is 25.9Mb
sub-directories of 1Mb or more:
cont 25.8Mb
Flavors: r-devel-linux-x86_64-fedora-clang, r-devel-windows-ix86+x86_64, r-patched-solaris-x86, r-release-macos-x86_64, r-release-windows-ix86+x86_64, r-oldrel-macos-x86_64, r-oldrel-windows-ix86+x86_64