CRAN Package Check Results for Package rccmisc

Last updated on 2020-12-04 00:48:31 CET.

Flavor Version Tinstall Tcheck Ttotal Status Flags
r-devel-linux-x86_64-debian-clang 0.3.7 2.70 30.35 33.05 OK
r-devel-linux-x86_64-debian-gcc 0.3.7 2.63 23.31 25.94 OK
r-devel-linux-x86_64-fedora-clang 0.3.7 43.20 NOTE
r-devel-linux-x86_64-fedora-gcc 0.3.7 34.46 NOTE
r-devel-windows-ix86+x86_64 0.3.7 5.00 36.00 41.00 OK
r-patched-linux-x86_64 0.3.7 3.39 29.41 32.80 OK
r-patched-solaris-x86 0.3.7 49.90 NOTE
r-release-linux-x86_64 0.3.7 3.37 28.97 32.34 OK
r-release-macos-x86_64 0.3.7 NOTE
r-release-windows-ix86+x86_64 0.3.7 4.00 36.00 40.00 OK
r-oldrel-macos-x86_64 0.3.7 NOTE
r-oldrel-windows-ix86+x86_64 0.3.7 4.00 45.00 49.00 OK

Check Details

Version: 0.3.7
Check: dependencies in R code
Result: NOTE
    Namespace in Imports field not imported from: ‘dplyr’
     All declared Imports should be used.
Flavors: r-devel-linux-x86_64-fedora-clang, r-devel-linux-x86_64-fedora-gcc, r-patched-solaris-x86, r-release-macos-x86_64, r-oldrel-macos-x86_64