Last updated on 2020-12-04 00:48:31 CET.
Flavor | Version | Tinstall | Tcheck | Ttotal | Status | Flags |
---|---|---|---|---|---|---|
r-devel-linux-x86_64-debian-clang | 0.3.7 | 7.40 | 59.32 | 66.72 | NOTE | |
r-devel-linux-x86_64-debian-gcc | 0.3.7 | 6.07 | 45.88 | 51.95 | NOTE | |
r-devel-linux-x86_64-fedora-clang | 0.3.7 | 82.92 | NOTE | |||
r-devel-linux-x86_64-fedora-gcc | 0.3.7 | 75.37 | NOTE | |||
r-devel-windows-ix86+x86_64 | 0.3.7 | 15.00 | 60.00 | 75.00 | NOTE | |
r-patched-linux-x86_64 | 0.3.7 | 6.97 | 58.06 | 65.03 | NOTE | |
r-patched-solaris-x86 | 0.3.7 | 102.60 | NOTE | |||
r-release-linux-x86_64 | 0.3.7 | 6.94 | 55.74 | 62.68 | NOTE | |
r-release-macos-x86_64 | 0.3.7 | NOTE | ||||
r-release-windows-ix86+x86_64 | 0.3.7 | 12.00 | 59.00 | 71.00 | NOTE | |
r-oldrel-macos-x86_64 | 0.3.7 | NOTE | ||||
r-oldrel-windows-ix86+x86_64 | 0.3.7 | 11.00 | 75.00 | 86.00 | NOTE |
Version: 0.3.7
Check: DESCRIPTION meta-information
Result: NOTE
Malformed Title field: should not end in a period.
Flavors: r-devel-linux-x86_64-debian-clang, r-devel-linux-x86_64-debian-gcc, r-devel-linux-x86_64-fedora-clang, r-devel-linux-x86_64-fedora-gcc, r-devel-windows-ix86+x86_64, r-patched-linux-x86_64, r-patched-solaris-x86, r-release-linux-x86_64, r-release-macos-x86_64, r-release-windows-ix86+x86_64, r-oldrel-macos-x86_64, r-oldrel-windows-ix86+x86_64
Version: 0.3.7
Check: R code for possible problems
Result: NOTE
find_available_versions: no visible global function definition for
'contrib.url'
find_available_versions: no visible global function definition for
'available.packages'
install_version: no visible global function definition for
'contrib.url'
install_version: no visible global function definition for
'available.packages'
install_version: no visible global function definition for
'install_url'
load_available_packages: no visible global function definition for
'contrib.url'
validate_installed_package: no visible global function definition for
'installed.packages'
Undefined global functions or variables:
available.packages contrib.url install_url installed.packages
Consider adding
importFrom("utils", "available.packages", "contrib.url",
"installed.packages")
to your NAMESPACE file.
Flavors: r-devel-linux-x86_64-debian-clang, r-devel-linux-x86_64-debian-gcc, r-devel-linux-x86_64-fedora-clang, r-devel-linux-x86_64-fedora-gcc, r-devel-windows-ix86+x86_64, r-patched-linux-x86_64, r-patched-solaris-x86, r-release-linux-x86_64, r-release-macos-x86_64, r-release-windows-ix86+x86_64, r-oldrel-macos-x86_64, r-oldrel-windows-ix86+x86_64