CRAN Package Check Results for Package rbokeh

Last updated on 2020-12-04 00:48:31 CET.

Flavor Version Tinstall Tcheck Ttotal Status Flags
r-devel-linux-x86_64-debian-clang 0.5.1 13.91 111.22 125.13 OK
r-devel-linux-x86_64-debian-gcc 0.5.1 11.66 82.25 93.91 OK
r-devel-linux-x86_64-fedora-clang 0.5.1 151.36 NOTE
r-devel-linux-x86_64-fedora-gcc 0.5.1 144.75 NOTE
r-devel-windows-ix86+x86_64 0.5.1 27.00 114.00 141.00 OK
r-patched-linux-x86_64 0.5.1 14.03 105.33 119.36 OK
r-patched-solaris-x86 0.5.1 197.80 NOTE
r-release-linux-x86_64 0.5.1 13.14 104.48 117.62 OK
r-release-macos-x86_64 0.5.1 NOTE
r-release-windows-ix86+x86_64 0.5.1 23.00 110.00 133.00 OK
r-oldrel-macos-x86_64 0.5.1 NOTE
r-oldrel-windows-ix86+x86_64 0.5.1 19.00 136.00 155.00 OK

Check Details

Version: 0.5.1
Check: dependencies in R code
Result: NOTE
    Namespace in Imports field not imported from: ‘ggplot2’
     All declared Imports should be used.
Flavors: r-devel-linux-x86_64-fedora-clang, r-devel-linux-x86_64-fedora-gcc, r-patched-solaris-x86, r-release-macos-x86_64, r-oldrel-macos-x86_64