Last updated on 2020-12-04 00:48:31 CET.
Flavor | Version | Tinstall | Tcheck | Ttotal | Status | Flags |
---|---|---|---|---|---|---|
r-devel-linux-x86_64-debian-clang | 1.0.4 | 3.17 | 28.44 | 31.61 | NOTE | |
r-devel-linux-x86_64-debian-gcc | 1.0.4 | 2.39 | 23.34 | 25.73 | NOTE | |
r-devel-linux-x86_64-fedora-clang | 1.0.4 | 43.58 | NOTE | |||
r-devel-linux-x86_64-fedora-gcc | 1.0.4 | 33.89 | NOTE | |||
r-devel-windows-ix86+x86_64 | 1.0.4 | 6.00 | 34.00 | 40.00 | NOTE | |
r-patched-linux-x86_64 | 1.0.4 | 2.57 | 28.51 | 31.08 | NOTE | |
r-patched-solaris-x86 | 1.0.4 | 57.80 | NOTE | |||
r-release-linux-x86_64 | 1.0.4 | 2.89 | 30.11 | 33.00 | NOTE | |
r-release-macos-x86_64 | 1.0.4 | NOTE | ||||
r-release-windows-ix86+x86_64 | 1.0.4 | 4.00 | 32.00 | 36.00 | NOTE | |
r-oldrel-macos-x86_64 | 1.0.4 | NOTE | ||||
r-oldrel-windows-ix86+x86_64 | 1.0.4 | 6.00 | 34.00 | 40.00 | NOTE |
Version: 1.0.4
Check: R code for possible problems
Result: NOTE
GetHistoricTradeData: no visible global function definition for
'read.csv'
Undefined global functions or variables:
read.csv
Consider adding
importFrom("utils", "read.csv")
to your NAMESPACE file.
Flavors: r-devel-linux-x86_64-debian-clang, r-devel-linux-x86_64-debian-gcc, r-devel-linux-x86_64-fedora-clang, r-devel-linux-x86_64-fedora-gcc, r-devel-windows-ix86+x86_64, r-patched-linux-x86_64, r-patched-solaris-x86, r-release-linux-x86_64, r-release-macos-x86_64, r-release-windows-ix86+x86_64, r-oldrel-macos-x86_64, r-oldrel-windows-ix86+x86_64