Last updated on 2020-12-04 00:48:31 CET.
Flavor | Version | Tinstall | Tcheck | Ttotal | Status | Flags |
---|---|---|---|---|---|---|
r-devel-linux-x86_64-debian-clang | 0.19.2 | 116.82 | 102.94 | 219.76 | OK | |
r-devel-linux-x86_64-debian-gcc | 0.19.2 | 76.29 | 76.18 | 152.47 | OK | |
r-devel-linux-x86_64-fedora-clang | 0.19.2 | 306.50 | NOTE | |||
r-devel-linux-x86_64-fedora-gcc | 0.19.2 | 295.58 | OK | |||
r-devel-windows-ix86+x86_64 | 0.19.2 | 258.00 | 145.00 | 403.00 | NOTE | |
r-patched-linux-x86_64 | 0.19.2 | 90.69 | 93.29 | 183.98 | OK | |
r-patched-solaris-x86 | 0.19.2 | 275.70 | NOTE | |||
r-release-linux-x86_64 | 0.19.2 | 88.79 | 94.51 | 183.30 | OK | |
r-release-macos-x86_64 | 0.19.2 | NOTE | ||||
r-release-windows-ix86+x86_64 | 0.19.2 | 187.00 | 155.00 | 342.00 | NOTE | |
r-oldrel-macos-x86_64 | 0.19.2 | WARN | ||||
r-oldrel-windows-ix86+x86_64 | 0.19.2 | 208.00 | 183.00 | 391.00 | NOTE |
Version: 0.19.2
Check: installed package size
Result: NOTE
installed size is 7.5Mb
sub-directories of 1Mb or more:
data 3.0Mb
libs 4.0Mb
Flavors: r-devel-linux-x86_64-fedora-clang, r-devel-windows-ix86+x86_64, r-release-macos-x86_64, r-release-windows-ix86+x86_64, r-oldrel-macos-x86_64, r-oldrel-windows-ix86+x86_64
Version: 0.19.2
Check: package dependencies
Result: NOTE
Package suggested but not available for checking: ‘av’
Flavor: r-patched-solaris-x86
Version: 0.19.2
Check: whether package can be installed
Result: WARN
Found the following significant warnings:
Warning: 'rgl.init' failed, running with 'rgl.useNULL = TRUE'.
Flavor: r-oldrel-macos-x86_64