Last updated on 2020-12-04 00:48:31 CET.
Flavor | Version | Tinstall | Tcheck | Ttotal | Status | Flags |
---|---|---|---|---|---|---|
r-devel-linux-x86_64-debian-clang | 0.0.5 | 9.54 | 79.78 | 89.32 | OK | |
r-devel-linux-x86_64-debian-gcc | 0.0.5 | 9.03 | 64.69 | 73.72 | OK | |
r-devel-linux-x86_64-fedora-clang | 0.0.5 | 113.46 | OK | |||
r-devel-linux-x86_64-fedora-gcc | 0.0.5 | 105.88 | OK | |||
r-devel-windows-ix86+x86_64 | 0.0.5 | 22.00 | 68.00 | 90.00 | OK | |
r-patched-linux-x86_64 | 0.0.5 | 9.03 | 76.21 | 85.24 | OK | |
r-patched-solaris-x86 | 0.0.5 | 149.00 | OK | |||
r-release-linux-x86_64 | 0.0.5 | 9.08 | 74.89 | 83.97 | OK | |
r-release-macos-x86_64 | 0.0.5 | OK | ||||
r-release-windows-ix86+x86_64 | 0.0.5 | 18.00 | 100.00 | 118.00 | OK | |
r-oldrel-macos-x86_64 | 0.0.5 | NOTE | ||||
r-oldrel-windows-ix86+x86_64 | 0.0.5 | 16.00 | 88.00 | 104.00 | OK |
Version: 0.0.5
Check: dependencies in R code
Result: NOTE
No protocol specified
Flavor: r-oldrel-macos-x86_64