Last updated on 2020-12-04 00:48:31 CET.
Flavor | Version | Tinstall | Tcheck | Ttotal | Status | Flags |
---|---|---|---|---|---|---|
r-devel-linux-x86_64-debian-clang | 1.3.12 | 16.38 | 126.87 | 143.25 | OK | |
r-devel-linux-x86_64-debian-gcc | 1.3.12 | 12.63 | 94.32 | 106.95 | OK | |
r-devel-linux-x86_64-fedora-clang | 1.3.12 | 174.50 | NOTE | |||
r-devel-linux-x86_64-fedora-gcc | 1.3.12 | 169.50 | OK | |||
r-devel-windows-ix86+x86_64 | 1.3.12 | 32.00 | 127.00 | 159.00 | OK | |
r-patched-linux-x86_64 | 1.3.12 | 15.28 | 118.02 | 133.30 | OK | |
r-patched-solaris-x86 | 1.3.12 | 216.90 | OK | |||
r-release-linux-x86_64 | 1.3.12 | 14.74 | 119.26 | 134.00 | OK | |
r-release-macos-x86_64 | 1.3.12 | OK | ||||
r-release-windows-ix86+x86_64 | 1.3.12 | 28.00 | 127.00 | 155.00 | OK | |
r-oldrel-macos-x86_64 | 1.3.12 | OK | ||||
r-oldrel-windows-ix86+x86_64 | 1.3.12 | 21.00 | 129.00 | 150.00 | OK |
Version: 1.3.12
Check: package dependencies
Result: NOTE
Imports includes 27 non-default packages.
Importing from so many packages makes the package vulnerable to any of
them becoming unavailable. Move as many as possible to Suggests and
use conditionally.
Flavor: r-devel-linux-x86_64-fedora-clang