Last updated on 2020-12-04 00:48:33 CET.
Flavor | Version | Tinstall | Tcheck | Ttotal | Status | Flags |
---|---|---|---|---|---|---|
r-devel-linux-x86_64-debian-clang | 0.4.2 | 8.96 | 76.41 | 85.37 | OK | |
r-devel-linux-x86_64-debian-gcc | 0.4.2 | 7.42 | 58.36 | 65.78 | OK | |
r-devel-linux-x86_64-fedora-clang | 0.4.2 | 110.34 | NOTE | |||
r-devel-linux-x86_64-fedora-gcc | 0.4.2 | 104.10 | NOTE | |||
r-devel-windows-ix86+x86_64 | 0.4.2 | 19.00 | 80.00 | 99.00 | OK | |
r-patched-linux-x86_64 | 0.4.2 | 9.04 | 72.92 | 81.96 | OK | |
r-patched-solaris-x86 | 0.4.2 | 141.80 | NOTE | |||
r-release-linux-x86_64 | 0.4.2 | 8.12 | 74.75 | 82.87 | OK | |
r-release-macos-x86_64 | 0.4.2 | NOTE | ||||
r-release-windows-ix86+x86_64 | 0.4.2 | 14.00 | 76.00 | 90.00 | OK | |
r-oldrel-macos-x86_64 | 0.4.2 | NOTE | ||||
r-oldrel-windows-ix86+x86_64 | 0.4.2 | 13.00 | 98.00 | 111.00 | OK |
Version: 0.4.2
Check: dependencies in R code
Result: NOTE
Namespace in Imports field not imported from: ‘methods’
All declared Imports should be used.
Flavors: r-devel-linux-x86_64-fedora-clang, r-devel-linux-x86_64-fedora-gcc, r-patched-solaris-x86, r-release-macos-x86_64, r-oldrel-macos-x86_64