CRAN Package Check Results for Package rSQM

Last updated on 2020-12-04 00:48:33 CET.

Flavor Version Tinstall Tcheck Ttotal Status Flags
r-devel-linux-x86_64-debian-clang 1.3.14 12.60 90.14 102.74 NOTE
r-devel-linux-x86_64-debian-gcc 1.3.14 10.63 68.45 79.08 NOTE
r-devel-linux-x86_64-fedora-clang 1.3.14 124.00 NOTE
r-devel-linux-x86_64-fedora-gcc 1.3.14 118.53 NOTE
r-devel-windows-ix86+x86_64 1.3.14 25.00 90.00 115.00 OK
r-patched-linux-x86_64 1.3.14 11.37 82.17 93.54 NOTE
r-patched-solaris-x86 1.3.14 173.90 NOTE
r-release-linux-x86_64 1.3.14 10.93 84.38 95.31 NOTE
r-release-macos-x86_64 1.3.14 OK
r-release-windows-ix86+x86_64 1.3.14 22.00 93.00 115.00 OK
r-oldrel-macos-x86_64 1.3.14 OK
r-oldrel-windows-ix86+x86_64 1.3.14 22.00 113.00 135.00 OK

Check Details

Version: 1.3.14
Check: for non-standard things in the check directory
Result: NOTE
    Found the following files/directories:
     'Database' 'rSQM.yaml' 'rSQM_Sample_Project' 'sample_script.R'
Flavors: r-devel-linux-x86_64-debian-clang, r-devel-linux-x86_64-debian-gcc, r-devel-linux-x86_64-fedora-clang, r-devel-linux-x86_64-fedora-gcc, r-patched-linux-x86_64, r-patched-solaris-x86, r-release-linux-x86_64