Last updated on 2020-12-04 00:48:32 CET.
Flavor | Version | Tinstall | Tcheck | Ttotal | Status | Flags |
---|---|---|---|---|---|---|
r-devel-linux-x86_64-debian-clang | 1.1.1 | 7.96 | 153.12 | 161.08 | OK | |
r-devel-linux-x86_64-debian-gcc | 1.1.1 | 7.08 | 117.67 | 124.75 | OK | |
r-devel-linux-x86_64-fedora-clang | 1.1.1 | 195.84 | NOTE | |||
r-devel-linux-x86_64-fedora-gcc | 1.1.1 | 189.89 | NOTE | |||
r-devel-windows-ix86+x86_64 | 1.1.1 | 18.00 | 145.00 | 163.00 | OK | |
r-patched-linux-x86_64 | 1.1.1 | 8.04 | 143.38 | 151.42 | OK | |
r-patched-solaris-x86 | 1.1.1 | 361.20 | NOTE | |||
r-release-linux-x86_64 | 1.1.1 | 9.24 | 147.26 | 156.50 | OK | |
r-release-macos-x86_64 | 1.1.1 | NOTE | ||||
r-release-windows-ix86+x86_64 | 1.1.1 | 14.00 | 144.00 | 158.00 | OK | |
r-oldrel-macos-x86_64 | 1.1.1 | NOTE | ||||
r-oldrel-windows-ix86+x86_64 | 1.1.1 | 17.00 | 179.00 | 196.00 | OK |
Version: 1.1.1
Check: dependencies in R code
Result: NOTE
Namespace in Imports field not imported from: ‘qtl’
All declared Imports should be used.
Flavors: r-devel-linux-x86_64-fedora-clang, r-devel-linux-x86_64-fedora-gcc, r-patched-solaris-x86, r-release-macos-x86_64, r-oldrel-macos-x86_64