Last updated on 2020-12-04 00:48:32 CET.
Flavor | Version | Tinstall | Tcheck | Ttotal | Status | Flags |
---|---|---|---|---|---|---|
r-devel-linux-x86_64-debian-clang | 2.5.0 | 4.55 | 36.50 | 41.05 | OK | |
r-devel-linux-x86_64-debian-gcc | 2.5.0 | 3.80 | 29.90 | 33.70 | OK | |
r-devel-linux-x86_64-fedora-clang | 2.5.0 | 51.74 | OK | |||
r-devel-linux-x86_64-fedora-gcc | 2.5.0 | 41.90 | OK | |||
r-devel-windows-ix86+x86_64 | 2.5.0 | 8.00 | 41.00 | 49.00 | OK | |
r-patched-linux-x86_64 | 2.5.0 | 5.33 | 33.16 | 38.49 | OK | |
r-patched-solaris-x86 | 2.5.0 | 62.90 | OK | |||
r-release-linux-x86_64 | 2.5.0 | 4.81 | 33.48 | 38.29 | OK | |
r-release-macos-x86_64 | 2.5.0 | OK | ||||
r-release-windows-ix86+x86_64 | 2.5.0 | 7.00 | 53.00 | 60.00 | OK | |
r-oldrel-macos-x86_64 | 2.5.0 | ERROR | ||||
r-oldrel-windows-ix86+x86_64 | 2.4.2 | 5.00 | 48.00 | 53.00 | OK |
Version: 2.5.0
Check: whether package can be installed
Result: ERROR
Installation failed.
Flavor: r-oldrel-macos-x86_64