CRAN Package Check Results for Package rLiDAR

Last updated on 2020-12-04 00:48:32 CET.

Flavor Version Tinstall Tcheck Ttotal Status Flags
r-devel-linux-x86_64-debian-clang 0.1.1 15.76 148.29 164.05 OK
r-devel-linux-x86_64-debian-gcc 0.1.1 13.33 116.33 129.66 OK
r-devel-linux-x86_64-fedora-clang 0.1.1 202.96 OK
r-devel-linux-x86_64-fedora-gcc 0.1.1 196.26 OK
r-devel-windows-ix86+x86_64 0.1.1 37.00 135.00 172.00 OK
r-patched-linux-x86_64 0.1.1 17.82 141.99 159.81 OK
r-patched-solaris-x86 0.1.1 273.40 OK
r-release-linux-x86_64 0.1.1 17.33 144.97 162.30 OK
r-release-macos-x86_64 0.1.1 OK
r-release-windows-ix86+x86_64 0.1.1 28.00 174.00 202.00 OK
r-oldrel-macos-x86_64 0.1.1 WARN
r-oldrel-windows-ix86+x86_64 0.1.1 29.00 157.00 186.00 OK

Check Details

Version: 0.1.1
Check: whether package can be installed
Result: WARN
    Found the following significant warnings:
     Warning: 'rgl_init' failed, running with rgl.useNULL = TRUE
Flavor: r-oldrel-macos-x86_64