CRAN Package Check Results for Package rJPSGCS

Last updated on 2020-12-04 00:48:32 CET.

Flavor Version Tinstall Tcheck Ttotal Status Flags
r-devel-linux-x86_64-debian-clang 0.2-10 11.43 86.61 98.04 OK
r-devel-linux-x86_64-debian-gcc 0.2-10 10.12 68.39 78.51 OK
r-devel-linux-x86_64-fedora-clang 0.2-10 128.91 OK
r-devel-linux-x86_64-fedora-gcc 0.2-10 120.58 OK
r-devel-windows-ix86+x86_64 0.2-10 26.00 111.00 137.00 OK
r-patched-linux-x86_64 0.2-10 12.30 83.10 95.40 OK
r-release-linux-x86_64 0.2-10 11.93 83.75 95.68 OK
r-release-macos-x86_64 0.2-10 ERROR
r-release-windows-ix86+x86_64 0.2-10 23.00 110.00 133.00 OK
r-oldrel-macos-x86_64 0.2-10 OK
r-oldrel-windows-ix86+x86_64 0.2-10 24.00 115.00 139.00 OK

Check Details

Version: 0.2-10
Check: package dependencies
Result: ERROR
    Package required but not available: ‘chopsticks’
    
    See section ‘The DESCRIPTION file’ in the ‘Writing R Extensions’
    manual.
Flavor: r-release-macos-x86_64