CRAN Package Check Results for Package rHealthDataGov

Last updated on 2020-12-04 00:48:32 CET.

Flavor Version Tinstall Tcheck Ttotal Status Flags
r-devel-linux-x86_64-debian-clang 1.0.1 4.03 30.38 34.41 NOTE
r-devel-linux-x86_64-debian-gcc 1.0.1 3.23 25.76 28.99 NOTE
r-devel-linux-x86_64-fedora-clang 1.0.1 44.13 NOTE
r-devel-linux-x86_64-fedora-gcc 1.0.1 34.84 NOTE
r-devel-windows-ix86+x86_64 1.0.1 6.00 34.00 40.00 NOTE
r-patched-linux-x86_64 1.0.1 3.47 27.41 30.88 NOTE
r-patched-solaris-x86 1.0.1 56.10 NOTE
r-release-linux-x86_64 1.0.1 3.21 27.97 31.18 NOTE
r-release-macos-x86_64 1.0.1 NOTE
r-release-windows-ix86+x86_64 1.0.1 5.00 45.00 50.00 NOTE
r-oldrel-macos-x86_64 1.0.1 NOTE
r-oldrel-windows-ix86+x86_64 1.0.1 5.00 41.00 46.00 NOTE

Check Details

Version: 1.0.1
Check: R code for possible problems
Result: NOTE
    .quick_fetch: no visible global function definition for 'POST'
    .quick_fetch: no visible global function definition for 'add_headers'
    .quick_fetch: no visible global function definition for
     'stop_for_status'
    .quick_fetch: no visible global function definition for 'content'
    fetch_healthdata: no visible binding for global variable 'resources'
    fetch_healthdata : <anonymous>: no visible binding for global variable
     'filters'
    Undefined global functions or variables:
     POST add_headers content filters resources stop_for_status
Flavors: r-devel-linux-x86_64-debian-clang, r-devel-linux-x86_64-debian-gcc, r-devel-linux-x86_64-fedora-clang, r-devel-linux-x86_64-fedora-gcc, r-devel-windows-ix86+x86_64, r-patched-linux-x86_64, r-patched-solaris-x86, r-release-linux-x86_64, r-release-macos-x86_64, r-release-windows-ix86+x86_64, r-oldrel-macos-x86_64, r-oldrel-windows-ix86+x86_64