CRAN Package Check Results for Package rGroovy

Last updated on 2020-12-04 00:48:32 CET.

Flavor Version Tinstall Tcheck Ttotal Status Flags
r-devel-linux-x86_64-debian-clang 1.3 3.99 38.83 42.82 OK
r-devel-linux-x86_64-debian-gcc 1.3 2.85 31.31 34.16 OK
r-devel-linux-x86_64-fedora-clang 1.3 57.09 OK
r-devel-linux-x86_64-fedora-gcc 1.3 48.33 OK
r-devel-windows-ix86+x86_64 1.3 9.00 43.00 52.00 OK
r-patched-linux-x86_64 1.3 3.26 37.86 41.12 OK
r-patched-solaris-x86 1.3 73.30 OK
r-release-linux-x86_64 1.3 3.18 37.61 40.79 OK
r-release-macos-x86_64 1.3 OK
r-release-windows-ix86+x86_64 1.3 7.00 44.00 51.00 OK
r-oldrel-macos-x86_64 1.3 OK
r-oldrel-windows-ix86+x86_64 1.3 3.00 8.00 11.00 ERROR

Check Details

Version: 1.3
Check: whether package can be installed
Result: ERROR
    Installation failed.
Flavor: r-oldrel-windows-ix86+x86_64