CRAN Package Check Results for Package rFIA

Last updated on 2020-12-04 00:48:32 CET.

Flavor Version Tinstall Tcheck Ttotal Status Flags
r-devel-linux-x86_64-debian-clang 0.2.4 48.29 211.29 259.58 OK
r-devel-linux-x86_64-debian-gcc 0.2.4 41.66 158.50 200.16 OK
r-devel-linux-x86_64-fedora-clang 0.2.4 319.08 NOTE
r-devel-linux-x86_64-fedora-gcc 0.2.4 318.38 NOTE
r-devel-windows-ix86+x86_64 0.2.4 78.00 203.00 281.00 OK
r-patched-linux-x86_64 0.2.4 46.32 192.22 238.54 OK
r-patched-solaris-x86 0.2.4 414.90 NOTE
r-release-linux-x86_64 0.2.4 47.34 194.22 241.56 OK
r-release-macos-x86_64 0.2.4 NOTE
r-release-windows-ix86+x86_64 0.2.4 60.00 207.00 267.00 OK
r-oldrel-macos-x86_64 0.2.4 NOTE
r-oldrel-windows-ix86+x86_64 0.2.4 72.00 256.00 328.00 OK

Check Details

Version: 0.2.4
Check: dependencies in R code
Result: NOTE
    Namespaces in Imports field not imported from:
     ‘dtplyr’ ‘progress’ ‘purrr’
     All declared Imports should be used.
Flavors: r-devel-linux-x86_64-fedora-clang, r-devel-linux-x86_64-fedora-gcc, r-patched-solaris-x86, r-release-macos-x86_64, r-oldrel-macos-x86_64

Version: 0.2.4
Check: installed package size
Result: NOTE
     installed size is 5.4Mb
     sub-directories of 1Mb or more:
     R 2.1Mb
     data 1.9Mb
     help 1.3Mb
Flavor: r-patched-solaris-x86