Last updated on 2020-12-04 00:48:31 CET.
Flavor | Version | Tinstall | Tcheck | Ttotal | Status | Flags |
---|---|---|---|---|---|---|
r-devel-linux-x86_64-debian-clang | 1.7.0 | 190.77 | 86.31 | 277.08 | OK | |
r-devel-linux-x86_64-debian-gcc | 1.7.0 | 137.55 | 70.05 | 207.60 | OK | |
r-devel-linux-x86_64-fedora-clang | 1.7.0 | 401.36 | NOTE | |||
r-devel-linux-x86_64-fedora-gcc | 1.7.0 | 368.61 | OK | |||
r-devel-windows-ix86+x86_64 | 1.7.0 | 391.00 | 198.00 | 589.00 | NOTE | |
r-patched-linux-x86_64 | 1.7.0 | 165.76 | 84.03 | 249.79 | OK | |
r-patched-solaris-x86 | 1.7.0 | 508.80 | OK | |||
r-release-linux-x86_64 | 1.7.0 | 163.41 | 85.52 | 248.93 | OK | |
r-release-macos-x86_64 | 1.7.0 | NOTE | ||||
r-release-windows-ix86+x86_64 | 1.7.0 | 324.00 | 249.00 | 573.00 | NOTE | |
r-oldrel-macos-x86_64 | 1.7.0 | NOTE | ||||
r-oldrel-windows-ix86+x86_64 | 1.7.0 | 141.00 | 7.00 | 148.00 | ERROR |
Version: 1.7.0
Check: installed package size
Result: NOTE
installed size is 15.4Mb
sub-directories of 1Mb or more:
libs 14.2Mb
Flavors: r-devel-linux-x86_64-fedora-clang, r-devel-windows-ix86+x86_64, r-release-macos-x86_64, r-release-windows-ix86+x86_64, r-oldrel-macos-x86_64
Version: 1.7.0
Check: whether package can be installed
Result: ERROR
Installation failed.
Flavor: r-oldrel-windows-ix86+x86_64