Last updated on 2020-12-04 00:48:31 CET.
Flavor | Version | Tinstall | Tcheck | Ttotal | Status | Flags |
---|---|---|---|---|---|---|
r-devel-linux-x86_64-debian-clang | 1.2-6 | 5.72 | 58.45 | 64.17 | OK | |
r-devel-linux-x86_64-debian-gcc | 1.2-6 | 4.80 | 47.64 | 52.44 | OK | |
r-devel-linux-x86_64-fedora-clang | 1.2-6 | 82.48 | NOTE | |||
r-devel-linux-x86_64-fedora-gcc | 1.2-6 | 72.76 | OK | |||
r-devel-windows-ix86+x86_64 | 1.2-6 | 13.00 | 95.00 | 108.00 | OK | |
r-patched-linux-x86_64 | 1.2-6 | 5.22 | 57.09 | 62.31 | OK | |
r-patched-solaris-x86 | 1.2-6 | 101.50 | OK | |||
r-release-linux-x86_64 | 1.2-6 | 5.76 | 56.59 | 62.35 | OK | |
r-release-macos-x86_64 | 1.2-6 | OK | ||||
r-release-windows-ix86+x86_64 | 1.2-6 | 15.00 | 89.00 | 104.00 | OK | |
r-oldrel-macos-x86_64 | 1.2-6 | OK | ||||
r-oldrel-windows-ix86+x86_64 | 1.2-6 | 11.00 | 110.00 | 121.00 | OK |
Version: 1.2-6
Check: Rd cross-references
Result: NOTE
Undeclared package ‘Rglpk’ in Rd xrefs
Flavor: r-devel-linux-x86_64-fedora-clang