Last updated on 2020-12-04 00:48:31 CET.
Flavor | Version | Tinstall | Tcheck | Ttotal | Status | Flags |
---|---|---|---|---|---|---|
r-devel-linux-x86_64-debian-clang | 1.1 | 2.52 | 31.31 | 33.83 | NOTE | |
r-devel-linux-x86_64-debian-gcc | 1.1 | 1.80 | 25.15 | 26.95 | NOTE | |
r-devel-linux-x86_64-fedora-clang | 1.1 | 44.46 | NOTE | |||
r-devel-linux-x86_64-fedora-gcc | 1.1 | 33.28 | NOTE | |||
r-devel-windows-ix86+x86_64 | 1.1 | 4.00 | 36.00 | 40.00 | NOTE | |
r-patched-linux-x86_64 | 1.1 | 2.44 | 30.58 | 33.02 | NOTE | |
r-patched-solaris-x86 | 1.1 | 50.20 | NOTE | |||
r-release-linux-x86_64 | 1.1 | 2.49 | 30.67 | 33.16 | NOTE | |
r-release-macos-x86_64 | 1.1 | NOTE | ||||
r-release-windows-ix86+x86_64 | 1.1 | 4.00 | 38.00 | 42.00 | NOTE | |
r-oldrel-macos-x86_64 | 1.1 | NOTE | ||||
r-oldrel-windows-ix86+x86_64 | 1.1 | 5.00 | 36.00 | 41.00 | NOTE |
Version: 1.1
Check: R code for possible problems
Result: NOTE
cmaOptimDP: no visible global function definition for 'flush.console'
Undefined global functions or variables:
flush.console
Consider adding
importFrom("utils", "flush.console")
to your NAMESPACE file.
Flavors: r-devel-linux-x86_64-debian-clang, r-devel-linux-x86_64-debian-gcc, r-devel-linux-x86_64-fedora-clang, r-devel-linux-x86_64-fedora-gcc, r-devel-windows-ix86+x86_64, r-patched-linux-x86_64, r-patched-solaris-x86, r-release-linux-x86_64, r-release-macos-x86_64, r-release-windows-ix86+x86_64, r-oldrel-macos-x86_64, r-oldrel-windows-ix86+x86_64
Version: 1.1
Check: for non-standard things in the check directory
Result: NOTE
Found the following files/directories:
'outcmaesdisp.dat'
Flavors: r-devel-linux-x86_64-debian-clang, r-devel-linux-x86_64-debian-gcc, r-devel-linux-x86_64-fedora-clang, r-devel-linux-x86_64-fedora-gcc, r-patched-linux-x86_64, r-patched-solaris-x86, r-release-linux-x86_64