Last updated on 2020-12-04 00:48:31 CET.
Flavor | Version | Tinstall | Tcheck | Ttotal | Status | Flags |
---|---|---|---|---|---|---|
r-devel-linux-x86_64-debian-clang | 0.4.3 | 11.17 | 99.84 | 111.01 | OK | |
r-devel-linux-x86_64-debian-gcc | 0.4.3 | 8.30 | 78.68 | 86.98 | OK | |
r-devel-linux-x86_64-fedora-clang | 0.4.3 | 144.07 | OK | |||
r-devel-linux-x86_64-fedora-gcc | 0.4.3 | 134.86 | OK | |||
r-devel-windows-ix86+x86_64 | 0.4.3 | 24.00 | 94.00 | 118.00 | OK | |
r-patched-linux-x86_64 | 0.4.3 | 11.73 | 99.06 | 110.79 | OK | |
r-release-linux-x86_64 | 0.4.3 | 11.92 | 97.13 | 109.05 | OK | |
r-release-macos-x86_64 | 0.4.3 | OK | ||||
r-release-windows-ix86+x86_64 | 0.4.3 | 19.00 | 124.00 | 143.00 | OK | |
r-oldrel-macos-x86_64 | 0.4.3 | OK | ||||
r-oldrel-windows-ix86+x86_64 | 0.4.3 | 8.00 | 6.00 | 14.00 | ERROR |
Version: 0.4.3
Check: whether package can be installed
Result: ERROR
Installation failed.
Flavor: r-oldrel-windows-ix86+x86_64