CRAN Package Check Results for Package rBeta2009

Last updated on 2020-12-04 00:48:31 CET.

Flavor Version Tinstall Tcheck Ttotal Status Flags
r-devel-linux-x86_64-debian-clang 1.0 3.79 22.92 26.71 OK
r-devel-linux-x86_64-debian-gcc 1.0 2.64 19.35 21.99 OK
r-devel-linux-x86_64-fedora-clang 1.0 37.31 NOTE
r-devel-linux-x86_64-fedora-gcc 1.0 26.22 NOTE
r-devel-windows-ix86+x86_64 1.0 10.00 31.00 41.00 OK
r-patched-linux-x86_64 1.0 3.32 20.45 23.77 OK
r-patched-solaris-x86 1.0 42.70 OK
r-release-linux-x86_64 1.0 3.02 22.72 25.74 OK
r-release-macos-x86_64 1.0 OK
r-release-windows-ix86+x86_64 1.0 8.00 31.00 39.00 OK
r-oldrel-macos-x86_64 1.0 OK
r-oldrel-windows-ix86+x86_64 1.0 10.00 49.00 59.00 OK

Check Details

Version: 1.0
Check: Rd cross-references
Result: NOTE
    Undeclared packages ‘MCMCpack’, ‘gtools’ in Rd xrefs
Flavor: r-devel-linux-x86_64-fedora-clang

Version: 1.0
Check: compiled code
Result: NOTE
    File ‘rBeta2009/libs/rBeta2009.so’:
     Found no calls to: ‘R_registerRoutines’, ‘R_useDynamicSymbols’
    
    It is good practice to register native routines and to disable symbol
    search.
    
    See ‘Writing portable packages’ in the ‘Writing R Extensions’ manual.
Flavors: r-devel-linux-x86_64-fedora-clang, r-devel-linux-x86_64-fedora-gcc