CRAN Package Check Results for Package rAvis

Last updated on 2020-12-04 00:48:31 CET.

Flavor Version Tinstall Tcheck Ttotal Status Flags
r-devel-linux-x86_64-debian-clang 0.1.4 13.20 103.10 116.30 NOTE
r-devel-linux-x86_64-debian-gcc 0.1.4 10.74 81.54 92.28 NOTE
r-devel-linux-x86_64-fedora-clang 0.1.4 147.01 NOTE
r-devel-linux-x86_64-fedora-gcc 0.1.4 136.33 NOTE
r-devel-windows-ix86+x86_64 0.1.4 35.00 128.00 163.00 NOTE
r-patched-linux-x86_64 0.1.4 12.00 98.30 110.30 NOTE
r-patched-solaris-x86 0.1.4 221.20 NOTE
r-release-linux-x86_64 0.1.4 11.83 98.04 109.87 NOTE
r-release-macos-x86_64 0.1.4 NOTE
r-release-windows-ix86+x86_64 0.1.4 21.00 121.00 142.00 NOTE
r-oldrel-macos-x86_64 0.1.4 NOTE
r-oldrel-windows-ix86+x86_64 0.1.4 30.00 151.00 181.00 NOTE

Check Details

Version: 0.1.4
Check: R code for possible problems
Result: NOTE
    .avisApiBusAvanzada: no visible global function definition for
     'read.csv'
    .avisRenderMapAdmin: no visible global function definition for 'points'
    .avisRenderMapAdmin: no visible global function definition for 'rect'
    .avisRenderMapPhysical: no visible global function definition for
     'points'
    avisMap: no visible global function definition for 'par'
    avisMap: no visible global function definition for 'layout'
    Undefined global functions or variables:
     layout par points read.csv rect
    Consider adding
     importFrom("graphics", "layout", "par", "points", "rect")
     importFrom("utils", "read.csv")
    to your NAMESPACE file.
Flavors: r-devel-linux-x86_64-debian-clang, r-devel-linux-x86_64-debian-gcc, r-devel-linux-x86_64-fedora-clang, r-devel-linux-x86_64-fedora-gcc, r-devel-windows-ix86+x86_64, r-patched-linux-x86_64, r-patched-solaris-x86, r-release-linux-x86_64, r-release-macos-x86_64, r-release-windows-ix86+x86_64, r-oldrel-macos-x86_64, r-oldrel-windows-ix86+x86_64