CRAN Package Check Results for Package r2sundials

Last updated on 2020-12-04 00:48:31 CET.

Flavor Version Tinstall Tcheck Ttotal Status Flags
r-devel-linux-x86_64-debian-clang 5.0.0-7 76.28 191.84 268.12 OK
r-devel-linux-x86_64-debian-gcc 5.0.0-7 53.35 114.07 167.42 OK
r-devel-linux-x86_64-fedora-clang 5.0.0-7 328.13 NOTE
r-devel-linux-x86_64-fedora-gcc 5.0.0-7 288.51 OK
r-devel-windows-ix86+x86_64 5.0.0-7 184.00 301.00 485.00 OK
r-patched-linux-x86_64 5.0.0-7 61.83 154.69 216.52 OK
r-patched-solaris-x86 5.0.0-7 271.40 OK
r-release-linux-x86_64 5.0.0-7 65.22 152.61 217.83 OK
r-release-macos-x86_64 5.0.0-7 NOTE
r-release-windows-ix86+x86_64 5.0.0-7 134.00 381.00 515.00 OK
r-oldrel-macos-x86_64 5.0.0-7 NOTE
r-oldrel-windows-ix86+x86_64 5.0.0-7 133.00 330.00 463.00 OK

Additional issues

valgrind

Check Details

Version: 5.0.0-7
Check: installed package size
Result: NOTE
     installed size is 7.7Mb
     sub-directories of 1Mb or more:
     libs 4.7Mb
Flavors: r-devel-linux-x86_64-fedora-clang, r-release-macos-x86_64, r-oldrel-macos-x86_64