CRAN Package Check Results for Package r2glmm

Last updated on 2020-12-04 00:48:31 CET.

Flavor Version Tinstall Tcheck Ttotal Status Flags
r-devel-linux-x86_64-debian-clang 0.1.2 5.05 45.69 50.74 OK
r-devel-linux-x86_64-debian-gcc 0.1.2 4.09 34.73 38.82 OK
r-devel-linux-x86_64-fedora-clang 0.1.2 62.55 NOTE
r-devel-linux-x86_64-fedora-gcc 0.1.2 51.68 NOTE
r-devel-windows-ix86+x86_64 0.1.2 7.00 50.00 57.00 OK
r-patched-linux-x86_64 0.1.2 3.45 44.57 48.02 OK
r-patched-solaris-x86 0.1.2 79.70 NOTE
r-release-linux-x86_64 0.1.2 3.09 44.14 47.23 OK
r-release-macos-x86_64 0.1.2 NOTE
r-release-windows-ix86+x86_64 0.1.2 5.00 45.00 50.00 OK
r-oldrel-macos-x86_64 0.1.2 NOTE
r-oldrel-windows-ix86+x86_64 0.1.2 11.00 62.00 73.00 OK

Check Details

Version: 0.1.2
Check: dependencies in R code
Result: NOTE
    Namespaces in Imports field not imported from:
     ‘data.table’ ‘dplyr’ ‘lmerTest’
     All declared Imports should be used.
Flavors: r-devel-linux-x86_64-fedora-clang, r-devel-linux-x86_64-fedora-gcc, r-patched-solaris-x86, r-release-macos-x86_64, r-oldrel-macos-x86_64