Last updated on 2020-12-04 00:48:30 CET.
Flavor | Version | Tinstall | Tcheck | Ttotal | Status | Flags |
---|---|---|---|---|---|---|
r-devel-linux-x86_64-debian-clang | 0.9.1 | 118.66 | 404.65 | 523.31 | OK | |
r-devel-linux-x86_64-debian-gcc | 0.9.1 | 82.69 | 318.15 | 400.84 | OK | |
r-devel-linux-x86_64-fedora-clang | 0.9.1 | 657.50 | NOTE | |||
r-devel-linux-x86_64-fedora-gcc | 0.9.1 | 699.71 | NOTE | |||
r-devel-windows-ix86+x86_64 | 0.9.1 | 268.00 | 543.00 | 811.00 | NOTE | |
r-patched-linux-x86_64 | 0.9.1 | 100.25 | 386.42 | 486.67 | OK | |
r-patched-solaris-x86 | 0.9.1 | 1058.80 | ERROR | |||
r-release-linux-x86_64 | 0.9.1 | 98.59 | 383.80 | 482.39 | OK | |
r-release-macos-x86_64 | 0.9.1 | NOTE | ||||
r-release-windows-ix86+x86_64 | 0.9.1 | 191.00 | 523.00 | 714.00 | NOTE | |
r-oldrel-macos-x86_64 | 0.9.1 | NOTE | ||||
r-oldrel-windows-ix86+x86_64 | 0.9.1 | 200.00 | 657.00 | 857.00 | NOTE |
Version: 0.9.1
Check: installed package size
Result: NOTE
installed size is 10.7Mb
sub-directories of 1Mb or more:
data 3.9Mb
libs 6.5Mb
Flavors: r-devel-linux-x86_64-fedora-clang, r-devel-windows-ix86+x86_64, r-release-macos-x86_64, r-release-windows-ix86+x86_64, r-oldrel-macos-x86_64, r-oldrel-windows-ix86+x86_64
Version: 0.9.1
Check: data for non-ASCII characters
Result: NOTE
Note: found 35707 marked UTF-8 strings
Flavors: r-devel-linux-x86_64-fedora-clang, r-devel-linux-x86_64-fedora-gcc, r-patched-solaris-x86, r-release-macos-x86_64, r-oldrel-macos-x86_64
Version: 0.9.1
Check: examples
Result: ERROR
Running examples in ‘quanteda.textmodels-Ex.R’ failed
The error most likely occurred in:
> ### Name: data_corpus_irishbudget2010
> ### Title: Irish budget speeches from 2010
> ### Aliases: data_corpus_irishbudget2010
> ### Keywords: data
>
> ### ** Examples
>
> summary(data_corpus_irishbudget2010)
Error in h(simpleError(msg, call)) :
error in evaluating the argument 'x' in selecting a method for function 'as.list': error in evaluating the argument 'x' in selecting a method for function 'which': Illegal argument. (U_ILLEGAL_ARGUMENT_ERROR, context=`^\p{emoji_presentation}+$`)
Calls: summary ... stri_detect_regex -> .handleSimpleError -> h -> .handleSimpleError -> h
Execution halted
Flavor: r-patched-solaris-x86