Last updated on 2020-12-04 00:48:30 CET.
Flavor | Version | Tinstall | Tcheck | Ttotal | Status | Flags |
---|---|---|---|---|---|---|
r-devel-linux-x86_64-debian-clang | 0.4.3 | 34.49 | 42.82 | 77.31 | NOTE | |
r-devel-linux-x86_64-debian-gcc | 0.4.3 | 22.42 | 37.43 | 59.85 | NOTE | |
r-devel-linux-x86_64-fedora-clang | 0.4.3 | 107.48 | NOTE | |||
r-devel-linux-x86_64-fedora-gcc | 0.4.3 | 90.46 | NOTE | |||
r-devel-windows-ix86+x86_64 | 0.4.3 | 85.00 | 70.00 | 155.00 | NOTE | |
r-patched-linux-x86_64 | 0.4.3 | 25.35 | 43.21 | 68.56 | NOTE | |
r-patched-solaris-x86 | 0.4.3 | 126.10 | WARN | |||
r-release-linux-x86_64 | 0.4.3 | 27.80 | 43.60 | 71.40 | NOTE | |
r-release-macos-x86_64 | 0.4.3 | WARN | ||||
r-release-windows-ix86+x86_64 | 0.4.3 | 64.00 | 71.00 | 135.00 | NOTE | |
r-oldrel-macos-x86_64 | 0.4.3 | WARN | ||||
r-oldrel-windows-ix86+x86_64 | 0.4.3 | 60.00 | 82.00 | 142.00 | NOTE |
Version: 0.4.3
Check: for GNU extensions in Makefiles
Result: NOTE
GNU make is a SystemRequirements.
Flavors: r-devel-linux-x86_64-debian-clang, r-devel-linux-x86_64-debian-gcc, r-devel-linux-x86_64-fedora-clang, r-devel-linux-x86_64-fedora-gcc, r-devel-windows-ix86+x86_64, r-patched-linux-x86_64, r-patched-solaris-x86, r-release-linux-x86_64, r-release-macos-x86_64, r-release-windows-ix86+x86_64, r-oldrel-macos-x86_64, r-oldrel-windows-ix86+x86_64
Version: 0.4.3
Check: re-building of vignette outputs
Result: WARN
Error(s) in re-building vignettes:
...
--- re-building ‘introduction.Rmd’ using rmarkdown
Warning in engine$weave(file, quiet = quiet, encoding = enc) :
Pandoc (>= 1.12.3) and/or pandoc-citeproc not available. Falling back to R Markdown v1.
Quitting from lines 83-117 (introduction.Rmd)
Error: processing vignette 'introduction.Rmd' failed with diagnostics:
cannot open the connection
--- failed re-building ‘introduction.Rmd’
SUMMARY: processing the following file failed:
‘introduction.Rmd’
Error: Vignette re-building failed.
Execution halted
Flavors: r-patched-solaris-x86, r-release-macos-x86_64, r-oldrel-macos-x86_64