CRAN Package Check Results for Package qtlc

Last updated on 2020-12-04 00:48:30 CET.

Flavor Version Tinstall Tcheck Ttotal Status Flags
r-devel-linux-x86_64-debian-clang 1.0 6.54 47.74 54.28 OK
r-devel-linux-x86_64-debian-gcc 1.0 4.97 42.26 47.23 OK
r-devel-linux-x86_64-fedora-clang 1.0 72.96 OK
r-devel-linux-x86_64-fedora-gcc 1.0 63.50 OK
r-devel-windows-ix86+x86_64 1.0 11.00 49.00 60.00 OK
r-patched-linux-x86_64 1.0 5.75 47.63 53.38 OK
r-patched-solaris-x86 1.0 98.20 OK
r-release-linux-x86_64 1.0 6.23 49.78 56.01 OK
r-release-macos-x86_64 1.0 OK
r-release-windows-ix86+x86_64 1.0 9.00 70.00 79.00 OK
r-oldrel-macos-x86_64 1.0 WARN
r-oldrel-windows-ix86+x86_64 1.0 9.00 62.00 71.00 OK

Check Details

Version: 1.0
Check: whether package can be installed
Result: WARN
    Found the following significant warnings:
     Warning: 'rgl_init' failed, running with rgl.useNULL = TRUE
Flavor: r-oldrel-macos-x86_64